hat is the greatest common factor of 35112 and 48?
24
Calculate the greatest common divisor of 13598 and 104.
26
Calculate the highest common divisor of 51174 and 4626.
18
What is the greatest common factor of 171600 and 165?
165
What is the greatest common factor of 1037 and 5978?
61
What is the greatest common factor of 2934 and 511983?
1467
Calculate the greatest common divisor of 930 and 3585615.
465
What is the greatest common divisor of 1235 and 70655?
65
What is the highest common divisor of 7367 and 1529?
139
What is the greatest common factor of 69779 and 9?
1
Calculate the highest common divisor of 7014 and 77.
7
What is the highest common factor of 47 and 88?
1
Calculate the highest common factor of 16296 and 2408.
56
Calculate the greatest common divisor of 782743 and 741.
247
Calculate the greatest common factor of 12064 and 488.
8
Calculate the highest common factor of 60 and 78630.
30
Calculate the highest common factor of 236 and 37229.
59
Calculate the greatest common divisor of 2 and 49596.
2
What is the greatest common divisor of 68 and 3587?
17
Calculate the greatest common factor of 3605 and 2240.
35
Calculate the highest common factor of 104 and 32357.
13
Calculate the highest common divisor of 77 and 6559.
7
What is the highest common divisor of 24 and 2320656?
24
Calculate the highest common divisor of 16356 and 60.
12
Calculate the highest common divisor of 77 and 15967.
7
What is the highest common factor of 374 and 15268?
22
Calculate the greatest common divisor of 3179 and 60962.
187
Calculate the highest common factor of 744 and 945159.
93
What is the greatest common factor of 205602 and 66?
6
What is the greatest common factor of 2745 and 207400?
305
Calculate the greatest common divisor of 7497 and 11067.
357
Calculate the greatest common factor of 73068 and 732.
12
Calculate the greatest common divisor of 130966 and 66.
22
Calculate the highest common divisor of 281638 and 14.
14
Calculate the highest common factor of 504 and 36953.
7
What is the greatest common factor of 6641 and 8473?
229
Calculate the highest common factor of 3003 and 561.
33
Calculate the greatest common factor of 125 and 2330.
5
What is the highest common divisor of 444629 and 74?
37
Calculate the greatest common factor of 3468 and 3237378.
1734
What is the highest common divisor of 8100 and 97425?
225
What is the greatest common factor of 3749 and 1104?
23
Calculate the greatest common divisor of 454 and 386.
2
What is the highest common factor of 729789 and 12?
3
What is the greatest common divisor of 1950122 and 292?
146
What is the highest common divisor of 2250 and 53550?
450
What is the highest common factor of 40 and 7010?
10
What is the greatest common divisor of 593 and 2965?
593
What is the greatest common divisor of 349095 and 255?
255
Calculate the highest common divisor of 220 and 23012.
44
What is the greatest common divisor of 9513 and 252?
63
Calculate the highest common divisor of 344 and 1407304.
344
What is the greatest common divisor of 14674 and 9614?
506
What is the highest common divisor of 1220592 and 4?
4
What is the greatest common factor of 106785 and 6328?
791
What is the greatest common divisor of 18105 and 30?
15
What is the greatest common factor of 7506 and 12927?
417
What is the highest common divisor of 87626 and 89902?
1138
Calculate the highest common factor of 141942 and 164.
82
Calculate the highest common divisor of 152 and 889884.
76
Calculate the greatest common factor of 248053 and 169.
13
Calculate the highest common factor of 430 and 7697.
43
Calculate the greatest common factor of 112282 and 62.
62
Calculate the greatest common divisor of 10000 and 59600.
400
Calculate the highest common divisor of 331040 and 160.
160
Calculate the greatest common factor of 219961 and 49.
49
What is the highest common factor of 1 and 25458?
1
Calculate the highest common divisor of 155 and 4985.
5
Calculate the highest common divisor of 293949 and 382.
191
What is the highest common factor of 52 and 14495?
13
Calculate the greatest common divisor of 595 and 154955.
85
Calculate the highest common divisor of 4169 and 11.
11
What is the greatest common divisor of 42794 and 20?
2
Calculate the greatest common divisor of 174 and 1122.
6
Calculate the highest common divisor of 2655 and 63.
9
What is the highest common factor of 76466 and 182?
26
Calculate the greatest common factor of 16 and 36496.
16
What is the highest common factor of 6016 and 256?
128
What is the highest common factor of 206 and 578?
2
What is the greatest common divisor of 16384 and 496?
16
Calculate the greatest common divisor of 1211471 and 17.
17
What is the highest common factor of 19456 and 71136?
608
Calculate the greatest common divisor of 42537 and 825.
33
What is the highest common divisor of 35825 and 8?
1
Calculate the greatest common factor of 118288 and 16.
16
Calculate the greatest common divisor of 228 and 220096.
76
Calculate the greatest common divisor of 22180 and 1380.
20
Calculate the greatest common divisor of 55782 and 36.
18
What is the highest common divisor of 175 and 630665?
35
Calculate the highest common divisor of 169133 and 170.
17
Calculate the highest common divisor of 87949 and 222.
37
Calculate the highest common factor of 35496 and 1160.
232
Calculate the highest common factor of 240 and 53840.
80
Calculate the highest common divisor of 5872 and 3092.
4
What is the greatest common divisor of 154566 and 837?
279
What is the greatest common factor of 6171 and 782?
17
Calculate the highest common divisor of 84 and 391.
1
Calculate the greatest common factor of 22 and 44011.
11
Calculate the greatest common divisor of 14450 and 1003.
17
What is the highest common factor of 1460 and 110?
10
Calculate the greatest common factor of 63888 and 67056.
528
Calculate the highest common divisor of 197780 and 9860.
580
Calculate the highest common divisor of 1322895 and 258.
129
What is the highest common divisor of 228 and 1083?
57
Calculate the greatest common divisor of 168 and 1556772.
84
What is the greatest common divisor of 532 and 15238?
38
What is the greatest common divisor of 16038 and 6453?
27
Calculate the greatest common factor of 5330 and 2600.
130
Calculate the greatest common factor of 25191 and 32481.
81
Calculate the greatest common factor of 546 and 1554.
42
What is the highest common divisor of 162 and 2502?
18
Calculate the greatest common factor of 133397 and 8107.
737
Calculate the greatest common factor of 1344 and 2604.
84
Calculate the greatest common divisor of 111630 and 870.
30
Calculate the highest common divisor of 96 and 51312.
48
What is the greatest common factor of 4577 and 398?
199
Calculate the highest common factor of 255916 and 2192.
548
What is the greatest common factor of 5 and 31765?
5
What is the greatest common factor of 447398 and 14?
14
Calculate the highest common factor of 1710 and 8340.
30
What is the greatest common divisor of 1153 and 932777?
1153
Calculate the greatest common factor of 1592 and 842964.
796
Calculate the greatest common factor of 207 and 251942.
23
What is the greatest common divisor of 8987 and 45408?
473
What is the highest common divisor of 205 and 42635?
5
Calculate the greatest common factor of 1132230 and 187.
11
What is the greatest common factor of 702968 and 56?
56
Calculate the highest common divisor of 277901 and 52.
13
Calculate the highest common divisor of 72 and 937092.
12
What is the highest common divisor of 13 and 14521?
13
What is the greatest common divisor of 70 and 1204630?
70
What is the greatest common factor of 5694 and 1482?
78
Calculate the highest common divisor of 168 and 15.
3
What is the greatest common divisor of 2941938 and 274?
274
Calculate the greatest common factor of 42068 and 2678.
26
Calculate the highest common divisor of 168 and 148288.
56
What is the highest common factor of 1200 and 17040?
240
Calculate the greatest common factor of 2312 and 231489.
289
Calculate the greatest common factor of 6496 and 6048.
224
What is the highest common divisor of 1475 and 4012?
59
Calculate the greatest common factor of 100 and 2310950.
50
What is the highest common factor of 16770 and 10530?
390
Calculate the greatest comm